mmon divisor of 56 and 8?
8
What is the highest common factor of 528 and 48?
48
What is the highest common divisor of 6 and 8?
2
Calculate the highest common factor of 19 and 247.
19
Calculate the highest common divisor of 18 and 6417.
9
Calculate the greatest common factor of 1204 and 700.
28
What is the highest common divisor of 715 and 330?
55
What is the greatest common factor of 10 and 35?
5
Calculate the greatest common factor of 195 and 75.
15
Calculate the greatest common factor of 416 and 128.
32
What is the highest common divisor of 12 and 918?
6
Calculate the highest common factor of 448 and 6048.
224
What is the highest common divisor of 45 and 6849?
9
What is the highest common factor of 27 and 792?
9
What is the highest common divisor of 320 and 10?
10
Calculate the greatest common divisor of 837 and 1023.
93
Calculate the greatest common divisor of 585 and 135.
45
What is the greatest common divisor of 40 and 520?
40
Calculate the greatest common factor of 1739 and 37.
37
What is the greatest common divisor of 32 and 44?
4
What is the greatest common factor of 679 and 291?
97
Calculate the greatest common factor of 8 and 648.
8
What is the highest common divisor of 289 and 3?
1
What is the highest common factor of 186 and 12?
6
Calculate the highest common factor of 32 and 4560.
16
What is the greatest common divisor of 10011 and 426?
213
Calculate the greatest common divisor of 624 and 13.
13
What is the greatest common factor of 1005 and 45?
15
What is the highest common factor of 528 and 372?
12
What is the highest common divisor of 96 and 48?
48
What is the greatest common factor of 518 and 224?
14
Calculate the greatest common factor of 6283 and 61.
61
Calculate the highest common divisor of 38 and 6213.
19
What is the greatest common divisor of 715 and 9152?
143
What is the greatest common factor of 1751 and 17?
17
What is the greatest common divisor of 1460 and 780?
20
Calculate the greatest common divisor of 1053 and 130.
13
What is the highest common factor of 1950 and 520?
130
Calculate the greatest common factor of 245 and 35.
35
What is the highest common divisor of 24 and 20?
4
What is the highest common divisor of 378 and 3?
3
Calculate the highest common factor of 154 and 35.
7
Calculate the highest common factor of 1661 and 4077.
151
Calculate the greatest common divisor of 1404 and 108.
108
What is the highest common divisor of 180 and 32?
4
What is the greatest common factor of 14304 and 48?
48
Calculate the highest common divisor of 11 and 18282.
11
What is the highest common divisor of 342 and 36?
18
What is the highest common divisor of 84 and 308?
28
Calculate the greatest common factor of 47 and 329.
47
Calculate the highest common divisor of 63 and 243.
9
What is the highest common factor of 62 and 21824?
62
What is the highest common divisor of 456 and 72?
24
Calculate the highest common divisor of 1188 and 1836.
108
What is the greatest common divisor of 20 and 15?
5
What is the greatest common factor of 34 and 2686?
34
Calculate the highest common divisor of 78 and 546.
78
What is the greatest common factor of 161 and 69?
23
Calculate the highest common divisor of 1729 and 52.
13
What is the highest common factor of 4661 and 59?
59
Calculate the greatest common factor of 68 and 36.
4
What is the greatest common divisor of 58 and 58?
58
Calculate the highest common divisor of 148 and 16.
4
What is the greatest common divisor of 87 and 145?
29
Calculate the greatest common factor of 45 and 405.
45
Calculate the greatest common divisor of 120 and 1392.
24
What is the greatest common divisor of 403 and 52?
13
Calculate the highest common divisor of 8 and 208.
8
Calculate the highest common factor of 517 and 188.
47
Calculate the highest common divisor of 1050 and 20.
10
Calculate the highest common factor of 44 and 1628.
44
What is the highest common divisor of 33 and 627?
33
Calculate the highest common divisor of 35 and 455.
35
What is the highest common factor of 2627 and 71?
71
Calculate the highest common factor of 18 and 9.
9
What is the highest common divisor of 306 and 272?
34
Calculate the highest common factor of 111 and 185.
37
Calculate the greatest common factor of 275 and 25.
25
What is the highest common factor of 323 and 95?
19
What is the highest common divisor of 20 and 1780?
20
What is the highest common divisor of 6 and 802?
2
Calculate the highest common divisor of 7 and 7.
7
Calculate the highest common factor of 102 and 6069.
51
Calculate the highest common divisor of 180 and 1000.
20
Calculate the greatest common divisor of 221 and 68.
17
What is the greatest common factor of 247 and 325?
13
Calculate the highest common factor of 16 and 304.
16
What is the greatest common factor of 799 and 34?
17
What is the highest common factor of 256 and 1648?
16
Calculate the highest common divisor of 232 and 261.
29
What is the greatest common divisor of 198 and 198?
198
Calculate the greatest common divisor of 16 and 272.
16
Calculate the greatest common divisor of 2408 and 952.
56
What is the greatest common divisor of 15 and 40?
5
Calculate the highest common divisor of 1440 and 10.
10
Calculate the greatest common factor of 371 and 21.
7
What is the highest common factor of 165 and 240?
15
What is the highest common factor of 46 and 6394?
46
Calculate the highest common divisor of 52 and 702.
26
Calculate the highest common divisor of 16297 and 86.
43
Calculate the highest common divisor of 10751 and 52.
13
What is the greatest common divisor of 42 and 322?
14
What is the greatest common divisor of 1761 and 3?
3
Calculate the highest common factor of 8 and 46.
2
Calculate the highest common divisor of 282 and 21338.
94
Calculate the greatest common factor of 1566 and 232.
58
What is the highest common divisor of 1216 and 114?
38
Calculate the greatest common divisor of 33 and 3.
3
Calculate the highest common divisor of 8 and 100.
4
What is the highest common factor of 350 and 40?
10
What is the greatest common divisor of 217 and 248?
31
Calculate the highest common divisor of 4186 and 70.
14
Calculate the greatest common divisor of 18 and 1359.
9
Calculate the greatest common factor of 19297 and 23.
23
Calculate the highest common factor of 342 and 72.
18
Calculate the greatest common factor of 98 and 42.
14
Calculate the highest common factor of 14 and 67.
1
Calculate the highest common divisor of 55 and 45.
5
What is the highest common divisor of 39 and 24?
3
What is the greatest common factor of 132 and 231?
33
What is the greatest common factor of 13566 and 304?
38
Calculate the greatest common divisor of 130 and 1014.
26
Calculate the highest common factor of 42 and 7.
7
What is the highest common divisor of 242 and 66?
22
What is the highest common divisor of 43 and 4687?
43
What is the highest common factor of 328 and 23288?
328
Calculate the greatest common factor of 212 and 583.
53
Calculate the greatest common factor of 1 and 96.
1
What is the greatest common factor of 11 and 825?
11
What is the greatest common factor of 1 and 11?
1
What is the highest common factor of 21 and 112?
7
Calculate the highest common divisor of 147 and 84.
21
What is the highest common factor of 144 and 72?
72
Calculate the highest common factor of 114 and 266.
38
What is the highest common divisor of 96 and 6592?
32
Calculate the highest common divisor of 16 and 53584.
16
Calculate the greatest common divisor of 4131 and 17.
17
Calculate the greatest common factor of 882 and 196.
98
What is the greatest common factor of 986 and 58?
58
Calculate the highest common divisor of 110 and 30.
10
What is the greatest common factor of 17 and 1513?
17
What is the greatest common divisor of 25 and 3265?
5
Calculate the highest common divisor of 628 and 4.
4
What is the greatest common factor of 40 and 1210?
10
What is the highest common divisor of 931 and 38?
19
Calculate the highest common divisor of 68144 and 16.
16
What is the highest common factor of 713 and 31?
31
What is the highest common factor of 11413 and 101?
101
Calculate the highest common divisor of 111 and 4773.
111
Calculate the highest common factor of 9 and 7443.
9
What is the highest common factor of 1175 and 423?
47
What is the greatest 